e
Is 32510938 a multiple of 744?
False
Is 1806593748 a multiple of 3?
True
Does 299 divide 154897605?
False
Is 113 a factor of 37605948?
True
Is 2156424408 a multiple of 1154?
True
Does 274 divide 29411708?
True
Does 86 divide 237951680?
True
Does 18 divide 27253170?
True
Does 49 divide 199740719?
False
Is 122198827 a multiple of 2940?
False
Does 36 divide 13362912?
True
Is 3313 a factor of 87953524?
True
Does 2 divide 416238?
True
Does 3 divide 3121805?
False
Does 1588 divide 59388024?
True
Is 53246038 a multiple of 409?
False
Does 22 divide 20600008?
True
Does 94 divide 67917715?
False
Is 1837030 a multiple of 13?
True
Is 27337560 a multiple of 10?
True
Is 776665 a multiple of 248?
False
Is 11676438 a multiple of 614?
True
Is 198 a factor of 980267870?
False
Does 7473 divide 1556082695?
False
Is 8629452 a multiple of 1035?
False
Is 347 a factor of 363403384?
True
Is 74829632 even?
True
Does 39 divide 6440551?
False
Does 262 divide 336310536?
True
Is 38360268 a multiple of 31?
True
Does 12 divide 55852576?
False
Is 5369032 a multiple of 82?
True
Is 11 a factor of 724684965?
False
Does 204 divide 8161652?
False
Is 5937558 a multiple of 107?
False
Is 438 a factor of 1877734032?
True
Is 8371664 a multiple of 16?
True
Is 6887728 a multiple of 19?
True
Is 68 a factor of 254376653?
False
Is 89 a factor of 1140949103?
False
Is 43 a factor of 24817665?
True
Is 1685 a factor of 132044929?
False
Does 615 divide 280372350?
True
Does 35 divide 1039715355?
True
Is 1998 a factor of 530064343?
False
Does 20 divide 41852444?
False
Is 1144 a factor of 610222714?
False
Is 3 a factor of 456730858?
False
Is 23 a factor of 46382398?
True
Is 18402721 a multiple of 17?
True
Is 4939502880 a multiple of 8944?
True
Does 178 divide 1688640788?
True
Is 48722554 a multiple of 40?
False
Is 268 a factor of 126982956?
True
Does 1602 divide 1332897065?
False
Does 2 divide 3341171?
False
Is 44749307 a multiple of 763?
False
Does 26 divide 33034038?
False
Does 297 divide 852359718?
False
Is 23609112 a multiple of 5?
False
Does 55 divide 59499722?
False
Is 45 a factor of 4272840?
True
Is 584139990 a multiple of 1967?
True
Is 55 a factor of 3441680?
True
Is 4 a factor of 83408076?
True
Does 86 divide 5148935?
False
Does 52 divide 641579945?
False
Does 4 divide 135113758?
False
Is 48985263 a multiple of 29?
True
Is 1325328356 a multiple of 437?
True
Does 52 divide 265540028?
True
Is 118 a factor of 1540018?
True
Does 45 divide 58671138?
False
Is 82582899 a multiple of 41?
False
Does 23 divide 3028203391?
True
Does 51 divide 355257024?
True
Is 317972625 a multiple of 47?
True
Is 8 a factor of 7743147?
False
Does 1279 divide 16972330?
True
Does 17 divide 153252674?
False
Is 3182 a factor of 54739946?
True
Is 556140 a multiple of 465?
True
Is 4501233 a multiple of 171?
True
Does 157 divide 17024923?
True
Does 14 divide 304599442?
True
Is 13 a factor of 641936620?
True
Is 23715366 a multiple of 13?
False
Is 2077 a factor of 4394637066?
True
Does 22 divide 18557155?
False
Does 19 divide 12220059?
True
Does 2737 divide 218439664?
False
Is 185855532 a multiple of 244?
True
Does 202 divide 173488508?
True
Is 7174122 a multiple of 449?
True
Does 1528 divide 4813791336?
True
Is 10 a factor of 1138860561?
False
Is 114 a factor of 3950860608?
True
Is 466 a factor of 1270720036?
False
Is 17 a factor of 138547350?
False
Is 38908465 a multiple of 2291?
False
Is 194264970 a multiple of 2?
True
Is 17215086 a multiple of 1256?
False
Is 4 a factor of 881620386?
False
Does 259 divide 239374219?
False
Does 41 divide 977850343?
False
Does 136 divide 97108108?
False
Is 32 a factor of 449908601?
False
Is 338267009 a multiple of 389?
True
Does 848 divide 137608352?
True
Does 173 divide 91902444?
True
Is 6 a factor of 2436426575?
False
Is 4 a factor of 90683814?
False
Does 157 divide 6670607?
False
Is 3869502 a multiple of 494?
True
Is 95 a factor of 75362740?
True
Does 1933 divide 226490224?
False
Is 499 a factor of 3027074?
False
Does 482 divide 236675736?
False
Does 1763 divide 15615150?
False
Is 1156 a factor of 233261148?
True
Is 1589 a factor of 373293013?
False
Is 74252679 a multiple of 68?
False
Is 12 a factor of 22572396?
True
Does 483 divide 146080452?
True
Is 50 a factor of 132525417?
False
Is 7036992 a multiple of 643?
True
Is 1506846837 a multiple of 99?
False
Does 133 divide 154891534?
True
Does 14 divide 33969964?
True
Is 642 a factor of 26603838?
True
Is 20261460 a multiple of 16?
False
Does 28 divide 613223943?
False
Is 473929047 a multiple of 1791?
True
Does 156 divide 11500756?
False
Does 29 divide 41594422?
False
Is 247 a factor of 62362127?
False
Does 870 divide 282234090?
True
Is 1668 a factor of 210082350?
False
Is 89491717 a multiple of 7?
True
Does 1057 divide 160970788?
False
Does 1201 divide 204602959?
False
Does 20 divide 18970340?
True
Is 28 a factor of 102748716?
True
Does 871 divide 60956064?
True
Does 11 divide 1229766689?
False
Is 64 a factor of 152814689?
False
Is 15 a factor of 13240065?
True
Is 566 a factor of 44551469?
False
Is 1231 a factor of 1177245923?
True
Does 423 divide 47409069?
False
Is 169182500 a multiple of 590?
True
Is 5 a factor of 1008744739?
False
Is 30 a factor of 14489160?
True
Is 119420702 a multiple of 47?
True
Is 16454640 a multiple of 2180?
True
Is 76913300 a multiple of 4?
True
Does 19 divide 27731241?
True
Does 17 divide 466977896?
True
Is 30 a factor of 452590380?
True
Is 94 a factor of 525546010?
True
Is 1105058140 a multiple of 85?
True
Is 6553170 a multiple of 6?
True
Is 197 a factor of 78624670?
True
Does 148 divide 344599235?
False
Does 11 divide 9434200?
False
Is 105 a factor of 55257187?
False
Is 6 a factor of 24298842?
True
Is 879 a factor of 21675649?
False
Is 159983175 a multiple of 1525?
True
Is 1440 a factor of 10913760?
True
Does 332 divide 735563133?
False
Is 18433084 a multiple of 2148?
False
Is 100470829 a multiple of 2088?
False
Does 104 divide 69656072?
False
Is 29940017 a multiple of 601?
True
Is 143101685 a multiple of 48?
False
Is 306 a factor of 61947496?
False
Does 13 divide 157511952?
True
Does 3 divide 50287199?
False
Does 671 divide 80138872?
True
Is 510195627 a multiple of 3?
True
Does 255 divide 129375043?
False
Is 1248057720 a multiple of 3735?
True
Does 1504 divide 61992369?
False
Is 32365549 a multiple of 96?
False
Does 17 divide 5925071?
False
Does 389 divide 5109126?
True
Does 1498 divide 260827266?
True
Does 86 divide 23110126?
False
Is 169105958 a multiple of 14?
True
Is 38 a factor of 362245754?
True
Is 18492459 a multiple of 7?
False
Does 295 divide 420181185?
True
Does 76 divide 86295036?
True
Is 92 a factor of 260313154?
False
Is 42 a factor of 4981704?
True
Is 818600640 a multiple of 1474?
True
Is 97627005 a multiple of 2295?
True
Is 481765933 a multiple of 517?
True
Does 55 divide 85845037?
False
Is 19 a factor of 137830220?
False
Is 64 a factor of 49886271?
False
Is 210 a factor of 83047860?
True
Does 1530 divide 147439980?
True
Does 765 divide 1439890393?
False
Does 286 divide 101156770?
True
Is 782 a factor of 3311035702?
True
Is 199 a factor of 2541148358?
False
Is 87736519 a multiple of 977?
False
Does 13 divide 4030978081?
True
Is 447 a factor of 20861043?
True
Does 610 divide 206493374?
False
Is 4882208232 a multiple of 209?
True
Is 699 a factor of 13879885?
False
Is 6617860 a multiple of 241?
True
Is 990386400 a multiple of 1480?
True
Is 257 a factor of 379045702?
True
Does 2787 divide 1216823709?
True
Is 560434157 a multiple of 7?
False
Is 522518588 a multiple of 227?
True
Does 35 divide 23403590?
True
Is 957 a factor of 49575809?
False
Is 868 a factor of 8163540?
True
Is 599848875 a multiple of 375?
True
Does 104 divide 90959232?
True
Is 89640167 a multiple of 608?
False
Is 31 a factor of 242944024?
True
Is 7661824 a multiple of 346?
True
Is 40 a factor of 8457270?
False
Is 3396 a factor of 4426949940?
False
Is 5361320986 a multiple of 14?
True
Is 21 a factor of 1574732439?
True
Is 71164417 even?
False
Is 202738528 a multiple of 411?
False
Is 4092022 a multiple of 38?
False
Is 651423 a multiple of 59?
False
Does 5 divide 26581195?
True
Is 92957664 a multiple of 4622?
True
Is 3325 a factor of 192909850?
True
Is 1597942929 a multiple of 4521?
True
Is 1511158200 a multiple of 10?
True
Is 1302